tor of 100826?
True
Does 18 divide 1146?
False
Is 1080 a multiple of 54?
True
Does 21 divide 31340?
False
Is 20085 a multiple of 15?
True
Does 11 divide 5907?
True
Is 2 a factor of 280?
True
Is 14 a factor of 116?
False
Is 8413 a multiple of 296?
False
Is 16021 a multiple of 210?
False
Is 109 a multiple of 109?
True
Is 3 a factor of 73?
False
Does 24 divide 5539?
False
Is 4 a factor of 121?
False
Is 39 a factor of 3120?
True
Does 5 divide 78970?
True
Does 48 divide 62064?
True
Is 59 a factor of 2130?
False
Is 2382 a multiple of 107?
False
Does 8 divide 608?
True
Does 11 divide 17172?
False
Is 12512 a multiple of 54?
False
Is 7528 a multiple of 9?
False
Is 10 a factor of 10119?
False
Is 124 a multiple of 10?
False
Does 22 divide 14575?
False
Is 1999 a multiple of 14?
False
Is 12035 a multiple of 83?
True
Is 24 a factor of 201?
False
Does 295 divide 16238?
False
Is 83748 a multiple of 84?
True
Is 52 a factor of 15236?
True
Is 142 a multiple of 50?
False
Does 7 divide 889?
True
Is 30 a factor of 8085?
False
Does 14 divide 3360?
True
Is 550 a multiple of 55?
True
Is 44928 a multiple of 78?
True
Is 746 a multiple of 20?
False
Does 81 divide 7764?
False
Does 12 divide 100895?
False
Is 7 a factor of 99?
False
Does 20 divide 40?
True
Is 222 a factor of 58222?
False
Does 48 divide 64512?
True
Is 59 a factor of 236?
True
Does 22 divide 1232?
True
Is 88 a factor of 5667?
False
Is 577 a multiple of 13?
False
Does 58 divide 2726?
True
Does 333 divide 83187?
False
Is 53 a factor of 27795?
False
Is 23 a factor of 1978?
True
Is 31 a multiple of 9?
False
Does 10 divide 108670?
True
Is 177 a multiple of 34?
False
Is 88 a factor of 7744?
True
Is 23994 a multiple of 18?
True
Is 1868 a multiple of 40?
False
Is 190 even?
True
Is 118 a factor of 10597?
False
Is 10 a factor of 1490?
True
Does 23 divide 334?
False
Is 52 a factor of 520?
True
Is 230 a multiple of 5?
True
Does 11 divide 55?
True
Does 3 divide 1462?
False
Is 3637 a multiple of 171?
False
Is 1278 a multiple of 71?
True
Does 39 divide 1365?
True
Is 4 a factor of 1714?
False
Is 10 a factor of 40530?
True
Does 2 divide 12120?
True
Is 9761 a multiple of 176?
False
Is 19943 a multiple of 37?
True
Is 15705 a multiple of 234?
False
Is 43 a factor of 43258?
True
Does 10 divide 241?
False
Is 3 a factor of 18018?
True
Is 50071 a multiple of 30?
False
Does 12 divide 396?
True
Does 7 divide 210?
True
Is 26 a factor of 1233?
False
Does 100 divide 112900?
True
Does 95 divide 8835?
True
Is 14 a factor of 451?
False
Does 76 divide 1292?
True
Is 15 a factor of 64140?
True
Is 1169 a multiple of 16?
False
Does 14 divide 84?
True
Does 66 divide 5278?
False
Does 3 divide 851?
False
Does 20 divide 344?
False
Does 67 divide 536?
True
Is 100 a factor of 24660?
False
Does 8 divide 336?
True
Is 22 a factor of 17736?
False
Is 103 a factor of 4944?
True
Is 21740 a multiple of 20?
True
Is 26 a factor of 57?
False
Is 11685 a multiple of 285?
True
Does 3 divide 3987?
True
Does 36 divide 6192?
True
Does 8 divide 6610?
False
Is 33 a factor of 396?
True
Does 3 divide 1556?
False
Does 196 divide 6468?
True
Does 45 divide 1276?
False
Is 94 a factor of 1316?
True
Is 831 a multiple of 9?
False
Is 10 a factor of 400?
True
Is 1005 a multiple of 34?
False
Is 17 a factor of 5692?
False
Does 87 divide 17661?
True
Is 65 a factor of 1885?
True
Is 511 a multiple of 7?
True
Does 38 divide 1602?
False
Does 193 divide 36670?
True
Is 221 a multiple of 22?
False
Is 280 a multiple of 5?
True
Does 74 divide 19906?
True
Is 21 a factor of 546?
True
Is 304 a factor of 77473?
False
Is 20 a factor of 18300?
True
Is 13 a factor of 2271?
False
Is 12 a factor of 4598?
False
Is 16243 a multiple of 59?
False
Is 141841 a multiple of 26?
False
Is 9 a factor of 911?
False
Is 1322 a multiple of 7?
False
Does 25 divide 2032?
False
Is 1540 a multiple of 20?
True
Is 3060 a multiple of 36?
True
Is 20 a factor of 1780?
True
Does 21 divide 54105?
False
Is 6316 a multiple of 16?
False
Is 12 a factor of 33692?
False
Is 15 a factor of 2765?
False
Does 16 divide 2016?
True
Is 8 a factor of 920?
True
Does 20 divide 660?
True
Is 46 a factor of 4370?
True
Is 111 a factor of 6935?
False
Is 41 a factor of 20466?
False
Does 12 divide 2784?
True
Is 16 a factor of 81680?
True
Is 567 a multiple of 21?
True
Does 16 divide 14614?
False
Does 68 divide 16336?
False
Is 13 a factor of 2069?
False
Is 15 a factor of 84890?
False
Does 49 divide 20864?
False
Is 101 a multiple of 7?
False
Is 9 a factor of 21627?
True
Does 7 divide 6328?
True
Does 42 divide 40290?
False
Does 4 divide 1724?
True
Does 201 divide 39582?
False
Does 30 divide 1168?
False
Does 52 divide 91572?
True
Is 4 a factor of 5158?
False
Is 21 a factor of 202?
False
Is 15826 a multiple of 21?
False
Does 15 divide 1179?
False
Is 28829 a multiple of 10?
False
Is 814 a multiple of 22?
True
Is 39672 a multiple of 19?
True
Is 4 a factor of 1437?
False
Does 67 divide 15745?
True
Is 7245 a multiple of 27?
False
Does 10 divide 545?
False
Is 8 a factor of 4864?
True
Is 4732 a multiple of 4?
True
Does 82 divide 574?
True
Is 486 a multiple of 10?
False
Is 693 a multiple of 71?
False
Does 51 divide 801?
False
Is 110 a factor of 5858?
False
Does 5 divide 74?
False
Does 59 divide 6195?
True
Is 3300 a multiple of 30?
True
Is 862 a multiple of 3?
False
Does 18 divide 335?
False
Is 31 a factor of 3472?
True
Is 42 a factor of 5222?
False
Is 9 a factor of 8091?
True
Is 2415 a multiple of 3?
True
Is 53 a factor of 8207?
False
Is 48 a factor of 78624?
True
Is 18 a factor of 2070?
True
Does 2 divide 243?
False
Is 12004 a multiple of 13?
False
Is 330 a multiple of 22?
True
Is 147 a multiple of 9?
False
Is 7738 a multiple of 106?
True
Does 5 divide 1560?
True
Does 8 divide 360?
True
Is 34 a factor of 2822?
True
Is 2653 a multiple of 7?
True
Is 14 a factor of 196?
True
Is 3605 a multiple of 35?
True
Is 6846 a multiple of 4?
False
Is 19662 a multiple of 57?
False
Is 98 a factor of 4802?
True
Is 9 a factor of 2895?
False
Is 13509 a multiple of 171?
True
Is 13 a factor of 5655?
True
Does 3 divide 866?
False
Does 45 divide 585?
True
Is 10 a factor of 15860?
True
Is 3 a factor of 1218?
True
Does 71 divide 16600?
False
Does 46 divide 12742?
True
Is 9 a factor of 369?
True
Does 11 divide 6358?
True
Does 27 divide 6386?
False
Is 21 a factor of 4636?
False
Does 7 divide 1491?
True
Does 41 divide 37143?
False
Is 3 a factor of 72?
True
Does 5 divide 180?
True
Is 43710 a multiple of 175?
False
Is 16234 a multiple of 22?
False
Is 10294 a multiple of 16?
False
Does 37 divide 7954?
False
Does 28 divide 8568?
True
Is 30 a multiple of 29?
False
Is 54 a factor of 15662?
False
Is 56 a factor of 48104?
True
Is 23 a factor of 1732?
False
Is 13820 a multiple of 7?
False
Is 1368 a multiple of 47?
False
Is 3 a factor of 208?
False
Is 11480 a multiple of 40?
True
Is 909 a multiple of 17?
False
Is 8994 a multiple of 16?
False
Is 2 a factor of 482?
True
Is 159 a factor of 18949?
False
Is 75 a factor of 5026?
False
Does 10 divide 3700?
True
Is 10 a factor of 175?
False
Is 483 a multiple of 8?
False
Does 28 divide 12656?
True
Is 10817 a multiple of 5?
False
Is 979 a multiple of 18?
False
Is 25 a factor of 375?
True
Is 1309 a multiple of 119?
True
Is 6450 a multiple of 6?
True
Does 27 divide 670?
False
Is 656 a multiple of 16?
True
Is 215 a multiple of 14?
False
Is 1330 a multiple of 14?
True
Is 11634 a multiple of 39?
False
Is 64 a factor of 15348?
False
Does 3 divide 47?
False
Is 30474 a multiple of 22?
False
Does 43 divide 3698?
True
Does 11 divide 44892?
False
Is 25592 a multiple of 56?
True
Is 7 a factor of 447?
False
Does 3 divide 1090?
False
Is 23 a multiple of 18?
False
Is 47 a factor of 1526?
False
Does 57 divide 565?
False
Is 3672 a multiple of 36?
True
Does 53 divide 318?
True
Is 24 a factor of 760?
False
Is 5730 a multiple of 67?
False
Does 14 divide 10712?
False
Is 4691 a multiple of 25?
False
Does 33 divide 792?
True
Does 340 divide 23770?
False
Does 71 divide 22480?
False
Is 64 a factor of 8256?
True
Does 15 divide 1016?
False
Is 7 a factor of 387?
False
Is 10 a factor of 1260?
True
Does 71 divide 53534?
True
Does 13 divide 19500?
True
Is 1345 a multiple of 43?
False
Does 8 divide 16176?
True
Is 2580 a multiple of 4?
True
Is 432 a multiple of 36?
True
Is 13 a factor of